, what is 342318 + 3?
342322
In base 16, what is 1fd7b - 3?
1fd78
In base 8, what is -140 - 1326?
-1466
In base 8, what is 225 - -755?
1202
In base 10, what is -614 - 179?
-793
In base 6, what is 10253151 + 0?
10253151
In base 10, what is -1 + -1868940?
-1868941
In base 11, what is 40 + -3344?
-3304
In base 9, what is 4 - 1236810?
-1236805
In base 4, what is -232032303 - -102?
-232032201
In base 6, what is 0 - -5104000?
5104000
In base 6, what is 25253 + -332?
24521
In base 8, what is -125771 - 52?
-126043
In base 3, what is -2100222220 - 2?
-2100222222
In base 4, what is -100101230 - 20?
-100101310
In base 11, what is -6 + 698a?
6984
In base 9, what is 5 + 10422?
10427
In base 8, what is 445474 + -5?
445467
In base 16, what is -10501c + -4?
-105020
In base 2, what is -1000011110010001011 - 1?
-1000011110010001100
In base 10, what is -406 + -163?
-569
In base 7, what is -152420 + -61?
-152511
In base 13, what is -19 + -8a?
-a6
In base 7, what is -135 - 13263?
-13431
In base 14, what is -28c + -107?
-395
In base 5, what is -2233022 + 0?
-2233022
In base 15, what is 0 - -3c629?
3c629
In base 8, what is -12 - -21051?
21037
In base 13, what is -9a - 16b?
-238
In base 3, what is 110 + 111210121?
111211001
In base 14, what is -2 + 49a47?
49a45
In base 12, what is 788b88 - 0?
788b88
In base 15, what is -5 + -431?
-436
In base 9, what is -5 + -33008?
-33014
In base 6, what is -40 - -12320?
12240
In base 13, what is -9 - 1411?
-141a
In base 16, what is -3705 + 0?
-3705
In base 2, what is -1 + 111011000010001101?
111011000010001100
In base 7, what is 1 - -332234?
332235
In base 10, what is 4 - -59023?
59027
In base 10, what is 2863 - 3?
2860
In base 2, what is -1011111110000 + 10110?
-1011111011010
In base 10, what is -5 + 132384?
132379
In base 15, what is 3 + -10245?
-10242
In base 7, what is 5 - -1053623?
1053631
In base 8, what is -22147 - 3?
-22152
In base 4, what is 100122201 + -1121?
100121020
In base 8, what is -171 - 3510?
-3701
In base 4, what is 0 - -3333?
3333
In base 9, what is -1060116 + -11?
-1060127
In base 10, what is -355 - 173?
-528
In base 2, what is 111011001 + -101111111?
1011010
In base 8, what is 4 - 54772?
-54766
In base 6, what is 133124 + 10?
133134
In base 16, what is 6 - -2c89?
2c8f
In base 2, what is 10110001 + -10111110000?
-10100111111
In base 4, what is 2 - 12100?
-12032
In base 10, what is 0 + 34949?
34949
In base 4, what is -32113321 + 11?
-32113310
In base 10, what is -283999 + 5?
-283994
In base 15, what is -4ae5 - 5?
-4aea
In base 2, what is 1010101000 + 11101000?
1110010000
In base 14, what is 12d61 - 35?
12d2a
In base 8, what is 3 + 2103?
2106
In base 14, what is -33226 - 5?
-3322b
In base 12, what is 14 + -89a1?
-8989
In base 9, what is -2853173 - -3?
-2853170
In base 11, what is 15002 + 2?
15004
In base 16, what is 7 + f395?
f39c
In base 6, what is -2335004 - 1?
-2335005
In base 12, what is 62 - -309?
36b
In base 13, what is 27841 - -3?
27844
In base 4, what is -1 + -133103333?
-133110000
In base 12, what is -935 - -4?
-931
In base 12, what is -44 + 221a0?
22158
In base 4, what is -22220313 - 1?
-22220320
In base 4, what is 1 - 1231200?
-1231133
In base 13, what is 16a + -a19?
-87c
In base 2, what is -1001000110100000 - -111011?
-1001000101100101
In base 7, what is -2 + 56?
54
In base 2, what is 10101110110 + 111010000?
11101000110
In base 10, what is 1 + -8337?
-8336
In base 4, what is -11 + -21220002?
-21220013
In base 16, what is 12 + -2b?
-19
In base 3, what is -21100212102 + -210?
-21100220012
In base 15, what is -3ba - 3?
-3bd
In base 6, what is 4300025 - -13?
4300042
In base 11, what is a + -2703?
-26a4
In base 8, what is -2 + -635235?
-635237
In base 14, what is -1 + -2dad?
-2db0
In base 11, what is 1944 - -4?
1948
In base 15, what is -24685 + 3?
-24682
In base 14, what is -b + 34410?
34403
In base 4, what is -12310301 - -203?
-12310032
In base 13, what is -1325 + -2?
-1327
In base 8, what is -2727 + 6043?
3114
In base 2, what is -10 + -100100010101?
-100100010111
In base 6, what is -40220441 + -1?
-40220442
In base 5, what is 40433 + -12?
40421
In base 13, what is 308 + -894?
-589
In base 5, what is -3 + 311440?
311432
In base 3, what is -1011200120 + 1?
-1011200112
In base 2, what is 111100011100 + -10?
111100011010
In base 7, what is -56 + 2634?
2545
In base 10, what is -177 + 6373?
6196
In base 16, what is -3433e + 0?
-3433e
In base 12, what is -11158 + 3?
-11155
In base 2, what is -111101001100110 + 110101?
-111101000110001
In base 9, what is 0 - -226265?
226265
In base 10, what is -1405025 + 1?
-1405024
In base 5, what is -4 - 44211?
-44220
In base 10, what is 2 + -288448?
-288446
In base 11, what is -113403 - -2?
-113401
In base 4, what is 30 - -201111?
201201
In base 8, what is -16004 - -3?
-16001
In base 5, what is 3 - -232042?
232100
In base 2, what is 11101 - 110010100011?
-110010000110
In base 3, what is 10012122 - 10?
10012112
In base 14, what is -2cc7 - 8?
-2cd1
In base 15, what is -2a00 + -20?
-2a20
In base 8, what is -5500 + 4?
-5474
In base 6, what is -4315 + 513?
-3402
In base 15, what is -3c + -a8?
-e5
In base 4, what is 12011103 - 1101?
12010002
In base 16, what is -19 - -7de?
7c5
In base 15, what is -1 - -2b063?
2b062
In base 16, what is -1b89 - -72?
-1b17
In base 16, what is -2534 + -4c?
-2580
In base 7, what is 1 - -160242?
160243
In base 2, what is -101 - -110001000110000111?
110001000110000010
In base 8, what is 604544 + -4?
604540
In base 6, what is 20443521 + 5?
20443530
In base 12, what is 7b693 - 6?
7b689
In base 15, what is e090 - 2?
e08d
In base 2, what is 111 - 1101000001000?
-1101000000001
In base 11, what is -41676 - -2?
-41674
In base 7, what is 1215 - -116?
1334
In base 13, what is 7c + 1c3a2?
1c451
In base 6, what is 124504 - -2544?
131452
In base 7, what is -5 - -32500?
32462
In base 11, what is -39704 - 2?
-39706
In base 10, what is 1008079 - 5?
1008074
In base 9, what is -4 + -822182?
-822186
In base 14, what is -1 - -1a0835?
1a0834
In base 6, what is 10 + 43252?
43302
In base 9, what is -1017568 - -2?
-1017566
In base 16, what is -61d0 - 7?
-61d7
In base 9, what is 233 - 1051?
-717
In base 3, what is -10 - -1001000200?
1001000120
In base 14, what is -2 - -5494?
5492
In base 5, what is 1 + -210013?
-210012
In base 10, what is -7033 - -11?
-7022
In base 2, what is 111 - -1100001111101011?
1100001111110010
In base 3, what is -2 - -22201100?
22201021
In base 8, what is 1402 - -50?
1452
In base 5, what is -200 + -1343301?
-1344001
In base 3, what is -10002000 + 1121101?
-1110122
In base 16, what is -8546 + -2b?
-8571
In base 10, what is 17 + 3067?
3084
In base 2, what is -110101111011010111 + 1?
-110101111011010110
In base 16, what is 8288 + -16?
8272
In base 3, what is -12111020220 + 12?
-12111020201
In base 3, what is 1010100000 + -10220?
1010012010
In base 4, what is 10 + 30311?
30321
In base 16, what is 32a - -15?
33f
In base 2, what is -10101110 - -10010101111000?
10010011001010
In base 6, what is 534525 + -5?
534520
In base 6, what is 2215325 + 124?
2215453
In base 5, what is -10 + -114411342?
-114411402
In base 7, what is -321 + 1561?
1240
In base 9, what is 6886 + 56?
7053
In base 15, what is -4 - 362dc?
-362e1
In base 11, what is 40669 + -4?
40665
In base 15, what is 3 + ae94?
ae97
In base 3, what is -1022 + 1011220100?
1011212001
In base 9, what is -4 - 204823?
-204827
In base 5, what is -20 - 4123343?
-4123413
In base 8, what is -5610376 + 4?
-5610372
In base 9, what is 51057 - 5?
51052
In base 10, what is -17352 - 12?
-17364
In base 8, what is -70624 - 2?
-70626
In base 16, what is 41 + -2d47?
-2d06
In base 12, what is 3 - -5b1146?
5b1149
In base 12, what is -29a - 27?
-305
In base 3, what is 21112202001 + -20?
21112201211
In base 16, what is -8c0b - 4?
-8c0f
In base 13, what is -2 + 6727?
6725
In base 4, what is -300120313 + 11?
-300120302
In base 11, what is -2 + 10318?
10316
In base 11, what is 14 + -32a694?
-32a680
In base 4, what is -1221232 - -12201?
-1203031
In base 14, what is 4 - 5310?
-530a
In base 11, what is 6990 + -9?
6982
In base 9, what is -107117 - -5?
-107112
In base 9, what is 867 + 2650?
3627
In base 15, what is 4 + 6804d?
68052
In base 5, what is 44 - 323331?
-323232
In base 6, what is -34200 - 20?
-34220
In base 11, what is -1334a 